{"id":46,"date":"2017-05-27T12:36:59","date_gmt":"2017-05-27T12:36:59","guid":{"rendered":"http:\/\/demo.joinwebs.com\/classiera\/lime\/?page_id=46"},"modified":"2020-05-22T14:15:23","modified_gmt":"2020-05-22T17:15:23","slug":"termos-e-condicoes","status":"publish","type":"page","link":"https:\/\/zobi.com.br\/classificados\/termos-e-condicoes\/","title":{"rendered":"Termos e Condi\u00e7\u00f5es"},"content":{"rendered":"<div id=\"lipsum\">\n<p>1. Quem \u00e9 a Zobi<\/p>\n<p>Ao utilizar o Site, voc\u00ea est\u00e1 acessando um site de propriedade de Guia Carapicu\u00edba Comunica\u00e7\u00e3o Publicidade e editora Ltda., inscrita no CNPJ\/MF sob o n\u00ba 11.815.021\/0001-81. Se tiver qualquer d\u00favida quanto a este T&amp;C ou dificuldade no uso da nossa plataforma, voc\u00ea poder\u00e1 entrar em contato conosco CLICANDO AQUI.<\/p>\n<p>2. Como Funciona o Site<\/p>\n<p>O Site oferece espa\u00e7o online livre para aproximar as pessoas que queiram vender e comprar produtos novos e usados ou anunciar servi\u00e7os. Algumas ferramentas poder\u00e3o ser pagas, caso voc\u00ea ultrapasse o limite de publica\u00e7\u00f5es gratuitas de acordo com as com as regras de cada categoria ou queira contratar op\u00e7\u00f5es para destaque nos seus an\u00fancios, entre outras funcionalidades. A Zobi oferece filtros para aproximar vendedores e compradores de uma mesma regi\u00e3o, facilitando assim o encontro entre as partes.<\/p>\n<p>A Zobi n\u00e3o presta servi\u00e7os de consultoria ou intermedia\u00e7\u00e3o, e nem \u00e9 propriet\u00e1ria dos produtos e servi\u00e7os oferecidos nos an\u00fancios, n\u00e3o guarda posse e n\u00e3o interv\u00e9m na defini\u00e7\u00e3o dos pre\u00e7os. Qualquer compra e venda ou contrata\u00e7\u00e3o de servi\u00e7os se d\u00e1 entre os usu\u00e1rios, sem envolvimento da Zobi. Se algo der errado em sua transa\u00e7\u00e3o, qualquer indeniza\u00e7\u00e3o dever\u00e1 ser reclamada com o outro usu\u00e1rio com quem voc\u00ea negociou.<\/p>\n<p>A responsabilidade da Zobi fica ent\u00e3o restrita \u00e0 disponibiliza\u00e7\u00e3o do espa\u00e7o e das ferramentas que buscamos sempre aprimorar para permitir um ambiente de neg\u00f3cios saud\u00e1vel e favor\u00e1vel. Sendo assim, a responsabilidade pela realiza\u00e7\u00e3o de an\u00fancios e seu conte\u00fado, sobre os produtos e servi\u00e7os oferecidos e sobre a realiza\u00e7\u00e3o e sucesso da transa\u00e7\u00e3o caber\u00e1 sempre e exclusivamente aos usu\u00e1rios, portanto recomendamos que Voc\u00ea leia nossas dicas e procure sempre a nossa Central de Ajuda caso enfrente qualquer dificuldade ou tenha d\u00favidas sobre como proceder e fazer neg\u00f3cios.<\/p>\n<p>3. Aplicabilidade deste T&amp;C<\/p>\n<p>Este T&amp;C \u00e9 exclusivo para a utiliza\u00e7\u00e3o que Voc\u00ea fizer da plataforma Zobi, de seus websites e aplicativos (que neste T&amp;C chamamos de \u201cSite\u201d) e ser\u00e1 atualizado de tempos em tempos para refletir mudan\u00e7as da lei ou nas nossas ferramentas. Estas altera\u00e7\u00f5es entrar\u00e3o em vigor imediatamente ap\u00f3s inserirmos o novo T&amp;C no Site, portanto cabe a Voc\u00ea verificar as condi\u00e7\u00f5es vigentes no momento do uso do Site.<\/p>\n<p>Como mencionamos na introdu\u00e7\u00e3o, algumas quest\u00f5es espec\u00edficas, al\u00e9m de seguir deste T&amp;C, devem tamb\u00e9m seguir as Condi\u00e7\u00f5es Particulares.<\/p>\n<p>4. Veda\u00e7\u00f5es de Uso<\/p>\n<p>Voc\u00ea n\u00e3o deve inserir, transmitir, difundir ou disponibilizar a terceiros por meio do Site qualquer tipo de material ou informa\u00e7\u00e3o que sejam contr\u00e1rios \u00e0 legisla\u00e7\u00e3o vigente, \u00e0 moral, \u00e0 ordem p\u00fablica, a este T&amp;C, \u00e0s pol\u00edticas da Zobi e \u00e0s Condi\u00e7\u00f5es Particulares aplic\u00e1veis. Dentre outros, n\u00e3o \u00e9 permitido (i) &#8220;spam&#8221;, &#8220;e-mail de correntes&#8221;, &#8220;marketing piramidal&#8221; e publicidade fora das \u00e1reas concebidas para tal uso; (ii) conte\u00fado falso, amb\u00edguo, inexato, ou que possam induzir a erro eventuais receptores de referida informa\u00e7\u00e3o; (iii) conte\u00fado que implique em viola\u00e7\u00e3o ao sigilo das comunica\u00e7\u00f5es e \u00e0 privacidade; (iv) senhas de acesso \u00e0s distintas utilidades e\/ou conte\u00fado do Site que sejam de titularidade de outros usu\u00e1rios.<\/p>\n<p>5. Sua Conta<\/p>\n<p>Sua conta \u00e9 um cadastro \u00fanico para uso do Site e obrigat\u00f3ria para inserir an\u00fancios e uso completo do site. A utiliza\u00e7\u00e3o do site \u00e9 restrita a pessoas maiores de 18 anos idade completos.<\/p>\n<p>5.1. Criando a Conta. Ao criar uma conta no Site, Voc\u00ea declara que todas as informa\u00e7\u00f5es fornecidas (\u201cInforma\u00e7\u00f5es da Conta\u201d) s\u00e3o verdadeiras e assume a responsabilidade de mant\u00ea-las atualizadas. Para prote\u00e7\u00e3o de sua conta, sua senha deve ser mantida em sigilo e n\u00e3o deve ser compartilhada, pois as atividades realizadas no Site com o uso de sua conta ser\u00e3o sempre de sua responsabilidade. Confira AQUI como criar, excluir, alterar ou resolver problemas na sua conta.<\/p>\n<p>5.2. Dados de Contato. As Informa\u00e7\u00f5es da Conta servem para contato de potenciais compradores e tamb\u00e9m da Zobi, que poder\u00e1 enviar ainda divulga\u00e7\u00f5es sobre promo\u00e7\u00f5es, pacotes, novidades ou outras informa\u00e7\u00f5es sobre a Zobi e\/ou sobre empresas do mesmo grupo. Os e-mails enviados para seu endere\u00e7o cadastrado ser\u00e3o considerados como entregues a Voc\u00ea. As informa\u00e7\u00f5es relacionadas \u00e0s utilidades e ferramentas do Site ou outras informa\u00e7\u00f5es adicionais que a lei exigir poder\u00e3o ser enviadas por e-mail ao endere\u00e7o especificado nas Informa\u00e7\u00f5es da Conta, pelos demais meios eletr\u00f4nicos dispon\u00edveis, como notifica\u00e7\u00f5es via push ou por meio f\u00edsico por escrito, por correios ao endere\u00e7o indicado nas Informa\u00e7\u00f5es da Conta. Voc\u00ea tem o direito de optar por deixar de receber tais e-mails, mas caso o cancelamento impossibilite a presta\u00e7\u00e3o dos servi\u00e7os, a Zobi reserva-se o direito de cancelar sua Conta.<\/p>\n<p>5.3. Suspens\u00e3o e Exclus\u00e3o da Conta. Use sua conta com consci\u00eancia, pois tanto ela como seus an\u00fancios poder\u00e3o ser suspensos ou exclu\u00eddos pela Zobi e Voc\u00ea poder\u00e1 ser inabilitado, sem aviso pr\u00e9vio, em caso de falsidade nas Informa\u00e7\u00f5es da Conta, mau uso, viola\u00e7\u00e3o da legisla\u00e7\u00e3o, da moral, da ordem p\u00fablica, destes T&amp;C e das Condi\u00e7\u00f5es Particulares que sejam aplic\u00e1veis, bem como utiliza\u00e7\u00e3o do Site para atividades il\u00edcitas ou imorais, pela falta de pagamento, ou qualquer atividades que, a crit\u00e9rio da Zobi, n\u00e3o esteja de acordo com suas pol\u00edticas internas. Esta an\u00e1lise da Zobi n\u00e3o acarreta compromisso, garantia, obriga\u00e7\u00e3o ou responsabilidade da Zobi quanto \u00e0 veracidade das informa\u00e7\u00f5es e conte\u00fado inseridos pelos usu\u00e1rios.<\/p>\n<p>6. Anunciando<\/p>\n<p>6.1. Antes de Anunciar. Antes de publicar o seu an\u00fancio, confira as regras que devem ser observadas por Voc\u00ea e dicas para que seu an\u00fancio tenha boa qualidade e relev\u00e2ncia para os compradores interessados. Estas regras s\u00e3o uma das Condi\u00e7\u00f5es Particulares e s\u00e3o atualizadas de tempos em tempos. Para que Voc\u00ea tenha a melhor experi\u00eancia com o Site, consulte-as sempre antes de publicar.<\/p>\n<p>6.2. Anunciando. Para realizar o an\u00fancio, Voc\u00ea dever\u00e1 preencher as informa\u00e7\u00f5es do seu produto ou servi\u00e7o, estado de conserva\u00e7\u00e3o e demais informa\u00e7\u00f5es solicitadas. Estas informa\u00e7\u00f5es devem ser atualizadas sempre que ocorrerem situa\u00e7\u00f5es que mudem as condi\u00e7\u00f5es da oferta que possam interferir na negocia\u00e7\u00e3o. Quanto mais completo o seu an\u00fancio, melhores as chances de fechar neg\u00f3cio.<\/p>\n<p>6.3. O que n\u00e3o pode estar no seu an\u00fancio. Lembramos do seu compromisso com a licitude, exatid\u00e3o das informa\u00e7\u00f5es e reprodu\u00e7\u00e3o fidedigna do produto ou servi\u00e7o. \u00c9 proibido veicular propagandas com conte\u00fado potencialmente ofensivo, obsceno, pornogr\u00e1fico, que promova o terrorismo, qualquer esp\u00e9cie de discrimina\u00e7\u00e3o, ou que atente a quaisquer direitos individuais ou coletivos de terceiros. Voc\u00ea tamb\u00e9m n\u00e3o dever\u00e1 inserir, transmitir, difundir ou colocar \u00e0 disposi\u00e7\u00e3o de terceiros, qualquer conte\u00fado que constitua publicidade il\u00edcita ou desleal; que possa provocar danos aos sistemas inform\u00e1ticos do provedor de acesso, que infrinja direitos de propriedade intelectual e\/ou industrial da Zobi ou de terceiros.<\/p>\n<p>6.4. O que pode ser anunciado. Somente poder\u00e3o ser veiculados no Site an\u00fancios de produtos e\/ou servi\u00e7os permitidos por este T&amp;C e respectivas regras aplic\u00e1veis, assim como pela lei vigente. Antes de veicular o seu an\u00fancio, \u00e9 sua responsabilidade se assegurar que ele est\u00e1 em conformidade com as condi\u00e7\u00f5es que voc\u00ea encontra AQUI. Voc\u00ea dever\u00e1 obrigatoriamente ter a posse e propriedade dos produtos e disponibilidade para prestar os servi\u00e7os, conforme anunciado. Voc\u00ea dever\u00e1 informar, de forma clara e completa, condi\u00e7\u00f5es da entrega e eventuais restri\u00e7\u00f5es geogr\u00e1ficas.<\/p>\n<p>\u200b\u200b\u200b\u200b\u200b\u200b\u200b6.5. Responsabilidade. Cabe exclusivamente a Voc\u00ea a responsabilidade pelo an\u00fancio, pelas informa\u00e7\u00f5es veiculadas, pelas caracter\u00edsticas e condi\u00e7\u00f5es do produto ou servi\u00e7o anunciado, pela sua conduta como usu\u00e1rio, pela entrega dos produtos e servi\u00e7os (ou n\u00e3o entrega) e pelos tributos que possam incidir na transa\u00e7\u00e3o.<\/p>\n<p>\u200b\u200b\u200b\u200b\u200b\u200b\u200b6.6. Prazo do An\u00fancio. O seu an\u00fancio ficar\u00e1 dispon\u00edvel por um per\u00edodo determinado, confira sempre como funciona a expira\u00e7\u00e3o\/renova\u00e7\u00e3o de an\u00fancios. Se o seu an\u00fancio n\u00e3o for renovado antes de expirado ou ap\u00f3s desativado por qualquer raz\u00e3o, Voc\u00ea ter\u00e1 que reinserir todos os dados e informa\u00e7\u00f5es, portanto fique atento \u00e0s informa\u00e7\u00f5es na sua conta.<\/p>\n<p>\u200b\u200b\u200b\u200b\u200b\u200b\u200b6.7. Gratuidade. Em geral a publica\u00e7\u00e3o de an\u00fancios ser\u00e1 gratuita, mas pode haver cobran\u00e7a de valores pela publica\u00e7\u00e3o em determinadas categorias do Site. A Zobi n\u00e3o cobra comiss\u00e3o sobre as transa\u00e7\u00f5es eventualmente concretizadas entre anunciantes e compradores no Site.<\/p>\n<p>\u200b\u200b\u200b\u200b\u200b\u200b\u200b6.8. Destaques de An\u00fancios. Voc\u00ea pode contratar uma das funcionalidades para que seu an\u00fancio fique em posi\u00e7\u00e3o de destaque no Site. Lembramos que ap\u00f3s o in\u00edcio da execu\u00e7\u00e3o da funcionalidade, considerando que se trata de contrata\u00e7\u00e3o que permite a utiliza\u00e7\u00e3o imediata pelo usu\u00e1rio, Voc\u00ea n\u00e3o ter\u00e1 direito a qualquer esp\u00e9cie de reembolso ou devolu\u00e7\u00e3o do valor pago em caso de cancelamento.<\/p>\n<p>\u200b\u200b\u200b\u200b\u200b\u200b\u200b6.9. \u200b\u200bUtiliza\u00e7\u00e3o imediata. Lembramos que ap\u00f3s o in\u00edcio da execu\u00e7\u00e3o das funcionalidades de Planos e Destaques, considerando que se trata de contrata\u00e7\u00f5es que permitem a utiliza\u00e7\u00e3o imediata pelo usu\u00e1rio, Voc\u00ea n\u00e3o ter\u00e1 direito a qualquer esp\u00e9cie de reembolso ou devolu\u00e7\u00e3o do valor pago caso opte por n\u00e3o utilizar a ferramenta total ou parcialmente ou em caso de cancelamento.<\/p>\n<p>6.10. \u200b\u200b\u200b\u200b\u200bAtrasos de Pagamento. Havendo atraso no pagamento de destaques para an\u00fancios, a Zobi enviar\u00e1 um e-mail de alerta para Voc\u00ea. Caso, mesmo ap\u00f3s o envio desse e-mail, n\u00e3o seja detectado o pagamento, a Zobi poder\u00e1 cancelar ou suspender a contrata\u00e7\u00e3o e tomar as provid\u00eancias legais para o recebimento dos valores em aberto. Identificado o pagamento pela Zobi, a conta ser\u00e1 reativada dentro de um prazo operacional razo\u00e1vel.<\/p>\n<p>7. Disponibilidade do Site. A Zobi n\u00e3o garante a disponibilidade, acesso e continuidade do funcionamento do SITE ou de suas funcionalidades, atuais ou futuras, n\u00e3o sendo respons\u00e1vel por nenhum dano ou preju\u00edzo causado a Voc\u00ea em caso de indisponibilidade.<\/p>\n<p>8. Rela\u00e7\u00f5es com Terceiros. A responsabilidade por terceiros que oferecem conte\u00fados e servi\u00e7os no Site, que disponibilizam ferramentas de buscas que permitem aos usu\u00e1rios acesso a websites externos, dos servi\u00e7os e do conte\u00fado dos websites de terceiros acessados por links do Site ser\u00e1 exclusiva destes terceiros. Correr\u00e1 por sua conta, risco e responsabilidade as rela\u00e7\u00f5es com estes terceiros, isentando a Zobi de qualquer responsabilidade. Se voc\u00ea n\u00e3o concordar, pode optar por n\u00e3o utilizar os conte\u00fados e servi\u00e7os de terceiros.<\/p>\n<p>9. Propriedade Intelectual.<br \/>\n\u200b\u200b\u200b\u200b\u200b\u200b\u200b\u200b\u200b\u200b\u200b\u200b\u200b\u200b9.1. Prote\u00e7\u00e3o \u00e0 Propriedade Intelectual. Sendo um Site de compra e venda online, o Site n\u00e3o \u00e9 respons\u00e1vel por infra\u00e7\u00f5es aos direitos de propriedade intelectual, direitos de imagem ou \u00e0 honra dos Usu\u00e1rios em decorr\u00eancia dos conte\u00fados postados pelos usu\u00e1rios anunciantes, mas remover\u00e1 qualquer an\u00fancio que viole direitos desta natureza. Confira AQUI nossa pol\u00edtica de prote\u00e7\u00e3o \u00e0 propriedade intelectual e como nos notificar de qualquer an\u00fancio que viole estes direitos.<\/p>\n<p>\u200b\u200b\u200b\u200b\u200b\u200b\u200b\u200b\u200b\u200b\u200b\u200b\u200b\u200b9.2. Propriedade Intelectual da Zobi e Terceiros. Os elementos, conte\u00fado, estruturas, sele\u00e7\u00f5es, ordena\u00e7\u00f5es, apresenta\u00e7\u00f5es do conte\u00fado e os programas operacionais utilizados pelo Site est\u00e3o protegidos por direitos de propriedade intelectual da Zobi ou de terceiros. Sem autoriza\u00e7\u00e3o pr\u00e9via e expressa dos titulares, Voc\u00ea n\u00e3o poder\u00e1 realizar web crawling no Site, reproduzir, exibir, copiar, transformar, modificar, desmontar, realizar engenharia reversa, distribuir, alugar, fornecer, colocar \u00e0 disposi\u00e7\u00e3o do p\u00fablico, atrav\u00e9s de qualquer modalidade de comunica\u00e7\u00e3o p\u00fablica, qualquer dos elementos protegidos. \u00c9 proibida a utiliza\u00e7\u00e3o de textos, imagens, an\u00fancios e qualquer outro elemento inclu\u00eddo ou dispon\u00edvel no Site para sua posterior inclus\u00e3o em quaisquer ve\u00edculos alheios ao Site sem a autoriza\u00e7\u00e3o pr\u00e9via e por escrito da Zobi. Voc\u00ea n\u00e3o poder\u00e1 remover sinais que identifiquem direitos (de propriedade intelectual, de imagem ou qualquer outro) da Zobi ou de terceiros que figurem no Site e em cada uma das diversas utilidades oferecidas por ele. Voc\u00ea n\u00e3o poder\u00e1 manipular quaisquer dispositivos t\u00e9cnicos estabelecidos pela Zobi ou por terceiros para prote\u00e7\u00e3o de seus direitos, quer seja no Site ou em qualquer dos materiais, elementos ou informa\u00e7\u00e3o obtida atrav\u00e9s do Site.<\/p>\n<p>\u200b\u200b\u200b\u200b\u200b\u200b\u200b\u200b\u200b\u200b\u200b\u200b\u200b\u200b9.3. Propriedade Intelectual do Conte\u00fado Inserido pelo Usu\u00e1rio. Voc\u00ea se declara titular das imagens, v\u00eddeos, \u00e1udios, textos e qualquer outro conte\u00fado que inserir no SITE, autorizando a Zobi a reproduzir, distribuir e comunicar publicamente este conte\u00fado, inclusive em outros Sites da Zobi.<\/p>\n<p>10. Altera\u00e7\u00f5es nas Ferramentas e Funcionalidades<\/p>\n<p>A Zobi est\u00e1 sempre trabalhando para aprimorar as ferramentas e funcionalidades do Site, que por isso poder\u00e3o ser alteradas, suspensas e descontinuadas sem aviso pr\u00e9vio. Se formos descontinuar ou alterar alguma funcionalidade paga, voc\u00ea ser\u00e1 comunicado com pelo menos 5 dias de anteced\u00eancia, lembrando que a disponibilidade dos an\u00fancios tem prazo espec\u00edfico para expirar.<\/p>\n<p>11. Conflitos<\/p>\n<p>A Zobi se orgulha de ser parceira dos usu\u00e1rios e trabalhamos para que o ambiente de neg\u00f3cios do Site seja sempre positivo. Se Voc\u00ea tiver qualquer diverg\u00eancia, pedimos que entre em contato nos nossos canais de atendimento, observados este T&amp;C, as Condi\u00e7\u00f5es Particulares e a legisla\u00e7\u00e3o, buscaremos a solu\u00e7\u00e3o consensual. Caso Voc\u00ea entenda por demandar a Zobi na justi\u00e7a, a demanda dever\u00e1 ocorrer no Foro da Comarca de Carapicu\u00edba, SP.<\/p>\n<\/div>\n","protected":false},"excerpt":{"rendered":"<p>1. Quem \u00e9 a Zobi Ao utilizar o Site, voc\u00ea est\u00e1 acessando um site de propriedade de Guia Carapicu\u00edba Comunica\u00e7\u00e3o Publicidade e editora Ltda., inscrita no CNPJ\/MF sob o n\u00ba 11.815.021\/0001-81. Se tiver qualquer d\u00favida quanto a este T&amp;C ou dificuldade no uso da nossa plataforma, voc\u00ea poder\u00e1 entrar em contato conosco CLICANDO AQUI. 2.<\/p>\n","protected":false},"author":1,"featured_media":0,"parent":0,"menu_order":0,"comment_status":"closed","ping_status":"closed","template":"","meta":{"footnotes":""},"class_list":["post-46","page","type-page","status-publish","hentry"],"aioseo_notices":[],"_links":{"self":[{"href":"https:\/\/zobi.com.br\/classificados\/wp-json\/wp\/v2\/pages\/46","targetHints":{"allow":["GET"]}}],"collection":[{"href":"https:\/\/zobi.com.br\/classificados\/wp-json\/wp\/v2\/pages"}],"about":[{"href":"https:\/\/zobi.com.br\/classificados\/wp-json\/wp\/v2\/types\/page"}],"author":[{"embeddable":true,"href":"https:\/\/zobi.com.br\/classificados\/wp-json\/wp\/v2\/users\/1"}],"replies":[{"embeddable":true,"href":"https:\/\/zobi.com.br\/classificados\/wp-json\/wp\/v2\/comments?post=46"}],"version-history":[{"count":2,"href":"https:\/\/zobi.com.br\/classificados\/wp-json\/wp\/v2\/pages\/46\/revisions"}],"predecessor-version":[{"id":2285,"href":"https:\/\/zobi.com.br\/classificados\/wp-json\/wp\/v2\/pages\/46\/revisions\/2285"}],"wp:attachment":[{"href":"https:\/\/zobi.com.br\/classificados\/wp-json\/wp\/v2\/media?parent=46"}],"curies":[{"name":"wp","href":"https:\/\/api.w.org\/{rel}","templated":true}]}}